t of 16364334?
4
What is the ten thousands digit of 177986730?
8
What is the tens digit of 6160540638?
3
What is the hundred millions digit of 690595580?
6
What is the hundred thousands digit of 482543609?
5
What is the units digit of 79178013?
3
What is the hundreds digit of 61603758?
7
What is the millions digit of 715051908?
5
What is the billions digit of 1551033292?
1
What is the millions digit of 108423753?
8
What is the millions digit of 2859267107?
9
What is the thousands digit of 55123899?
3
What is the hundred thousands digit of 20970858?
9
What is the hundreds digit of 252759410?
4
What is the tens digit of 36737831?
3
What is the hundreds digit of 6075627314?
3
What is the hundred millions digit of 795281313?
7
What is the hundreds digit of 960215191?
1
What is the millions digit of 65457504?
5
What is the millions digit of 293252679?
3
What is the tens digit of 2143775955?
5
What is the thousands digit of 166847733?
7
What is the hundred millions digit of 1309679022?
3
What is the hundreds digit of 3379821791?
7
What is the units digit of 530001958?
8
What is the thousands digit of 30534086?
4
What is the millions digit of 1998056669?
8
What is the tens digit of 2042548361?
6
What is the hundreds digit of 2293649573?
5
What is the tens digit of 265943646?
4
What is the hundred millions digit of 597840164?
5
What is the units digit of 75525370?
0
What is the ten millions digit of 266757032?
6
What is the ten thousands digit of 40525452?
2
What is the ten millions digit of 263407880?
6
What is the hundred millions digit of 165944642?
1
What is the units digit of 99488716?
6
What is the hundred millions digit of 2824517880?
8
What is the hundreds digit of 2189517937?
9
What is the millions digit of 106401550?
6
What is the hundred thousands digit of 37297332?
2
What is the millions digit of 95107280?
5
What is the ten millions digit of 275818736?
7
What is the tens digit of 6449754?
5
What is the hundred thousands digit of 5531947577?
9
What is the thousands digit of 4262811951?
1
What is the hundreds digit of 96763781?
7
What is the billions digit of 2102922082?
2
What is the tens digit of 36326356?
5
What is the ten thousands digit of 67972443?
7
What is the ten millions digit of 2728074470?
2
What is the hundred thousands digit of 33270774?
2
What is the hundred thousands digit of 7868895?
8
What is the hundred thousands digit of 46082550?
0
What is the ten thousands digit of 133056596?
5
What is the hundreds digit of 148706889?
8
What is the hundred millions digit of 497695379?
4
What is the ten millions digit of 24496441?
2
What is the hundred millions digit of 607948796?
6
What is the millions digit of 345169150?
5
What is the ten thousands digit of 127748471?
4
What is the millions digit of 787428186?
7
What is the millions digit of 63861991?
3
What is the hundred thousands digit of 2631273445?
2
What is the millions digit of 580335565?
0
What is the millions digit of 91106679?
1
What is the units digit of 212088638?
8
What is the hundred thousands digit of 345274220?
2
What is the tens digit of 3710926109?
0
What is the hundred millions digit of 3098031635?
0
What is the ten thousands digit of 31742594?
4
What is the millions digit of 19164766?
9
What is the thousands digit of 273946018?
6
What is the ten millions digit of 1370109973?
7
What is the tens digit of 428161809?
0
What is the millions digit of 27451507?
7
What is the units digit of 3001756502?
2
What is the millions digit of 781515054?
1
What is the hundreds digit of 173031809?
8
What is the hundred thousands digit of 14786021?
7
What is the millions digit of 237812811?
7
What is the hundred millions digit of 106092327?
1
What is the ten thousands digit of 65402216?
0
What is the millions digit of 33185237?
3
What is the units digit of 4032202355?
5
What is the millions digit of 285918602?
5
What is the thousands digit of 756359280?
9
What is the millions digit of 172982430?
2
What is the hundreds digit of 68635804?
8
What is the millions digit of 484157359?
4
What is the units digit of 11083007?
7
What is the tens digit of 2711408830?
3
What is the hundred millions digit of 2201774758?
2
What is the hundred thousands digit of 4483482?
4
What is the hundred millions digit of 203624021?
2
What is the hundred thousands digit of 23697097?
6
What is the thousands digit of 31008692?
8
What is the hundred thousands digit of 1151722983?
7
What is the hundred thousands digit of 60870694?
8
What is the units digit of 3639525111?
1
What is the hundred millions digit of 201552569?
2
What is the hundred thousands digit of 1804767368?
7
What is the hundred thousands digit of 1677059865?
0
What is the ten millions digit of 326294111?
2
What is the hundreds digit of 835809134?
1
What is the hundred thousands digit of 3043889241?
8
What is the hundreds digit of 2554531651?
6
What is the ten millions digit of 137739916?
3
What is the millions digit of 447647503?
7
What is the thousands digit of 109006281?
6
What is the ten thousands digit of 82533614?
3
What is the thousands digit of 497349189?
9
What is the tens digit of 11263347?
4
What is the billions digit of 1609944738?
1
What is the ten thousands digit of 43952135?
5
What is the units digit of 723419290?
0
What is the units digit of 1184769306?
6
What is the units digit of 25218026?
6
What is the units digit of 20850747?
7
What is the hundred thousands digit of 225909903?
9
What is the tens digit of 137435915?
1
What is the hundred thousands digit of 473844062?
8
What is the hundreds digit of 50311738?
7
What is the hundreds digit of 586064995?
9
What is the hundred millions digit of 1498591526?
4
What is the units digit of 327278099?
9
What is the units digit of 27868422?
2
What is the hundreds digit of 13037925?
9
What is the ten millions digit of 24117338?
2
What is the tens digit of 119831173?
7
What is the units digit of 1737331939?
9
What is the ten millions digit of 5827788114?
2
What is the hundreds digit of 308150645?
6
What is the hundred thousands digit of 56567676?
5
What is the tens digit of 219542872?
7
What is the ten thousands digit of 446273086?
7
What is the millions digit of 180536832?
0
What is the tens digit of 405516188?
8
What is the hundreds digit of 3862974579?
5
What is the hundreds digit of 73574597?
5
What is the ten millions digit of 53692410?
5
What is the thousands digit of 50958806?
8
What is the ten thousands digit of 1077374287?
7
What is the tens digit of 3666470633?
3
What is the thousands digit of 84688049?
8
What is the ten thousands digit of 719322653?
2
What is the thousands digit of 290757441?
7
What is the millions digit of 3165108?
3
What is the hundreds digit of 139324929?
9
What is the units digit of 2186885?
5
What is the millions digit of 1182200630?
2
What is the millions digit of 47544321?
7
What is the units digit of 571556302?
2
What is the tens digit of 21690176?
7
What is the millions digit of 16219199?
6
What is the hundred thousands digit of 2516811817?
8
What is the tens digit of 39717373?
7
What is the millions digit of 11700800?
1
What is the hundreds digit of 38588772?
7
What is the tens digit of 77365170?
7
What is the tens digit of 27400530?
3
What is the millions digit of 39458715?
9
What is the units digit of 1337509506?
6
What is the millions digit of 281909369?
1
What is the hundred thousands digit of 2019472886?
4
What is the ten thousands digit of 52018008?
1
What is the hundred thousands digit of 4044338067?
3
What is the hundred thousands digit of 1156814758?
8
What is the units digit of 20752752?
2
What is the hundred thousands digit of 146108995?
1
What is the ten thousands digit of 1737329970?
2
What is the hundred millions digit of 678171904?
6
What is the ten thousands digit of 124190635?
9
What is the hundred millions digit of 469681168?
4
What is the hundred thousands digit of 506797341?
7
What is the hundred thousands digit of 3728851578?
8
What is the hundreds digit of 120535309?
3
What is the hundreds digit of 182374207?
2
What is the units digit of 21695083?
3
What is the hundred thousands digit of 2807815423?
8
What is the thousands digit of 75949431?
9
What is the thousands digit of 3711843940?
3
What is the ten millions digit of 304246107?